402478622?
True
Is 75292195 a multiple of 193?
True
Is 82955698 a multiple of 307?
True
Does 8663 divide 112965520?
True
Is 748062219 a multiple of 5531?
True
Is 16255442 a multiple of 44?
False
Does 5 divide 32213254?
False
Is 138226290 a multiple of 75?
False
Is 72848234 a multiple of 19?
False
Is 154 a factor of 30541126?
True
Does 812 divide 234351320?
True
Does 451 divide 7756447?
False
Is 26 a factor of 33977814?
True
Is 106420584 a multiple of 13?
False
Is 25 a factor of 452376150?
True
Is 197460815 a multiple of 1878?
False
Is 13 a factor of 102941994?
False
Is 12 a factor of 6073881?
False
Does 2324 divide 2257274559?
False
Is 112 a factor of 300461392?
True
Is 12 a factor of 82373532?
True
Is 56 a factor of 96544784?
True
Does 18 divide 150880914?
True
Is 42605090 a multiple of 3454?
True
Is 167 a factor of 1813467701?
False
Is 13111692 a multiple of 68?
True
Is 337 a factor of 1418040732?
True
Is 38012328 a multiple of 570?
False
Is 3000542265 a multiple of 120?
False
Does 41 divide 53991635?
False
Is 125 a factor of 192604246?
False
Does 56 divide 72176764?
False
Is 36413206 a multiple of 467?
False
Is 1240 a factor of 1990041953?
False
Is 84 a factor of 25382475?
False
Is 40828900 a multiple of 3788?
False
Is 7 a factor of 11871671?
True
Is 129317827 a multiple of 901?
True
Is 24362811 a multiple of 99?
True
Is 14 a factor of 1349558596?
False
Is 9 a factor of 2303064?
True
Is 486094713 a multiple of 13?
True
Is 3135399 a multiple of 1280?
False
Is 228759018 a multiple of 2059?
True
Is 40 a factor of 32299984?
False
Does 113 divide 104761057?
True
Does 24 divide 354709972?
False
Is 603 a factor of 46630008?
False
Does 28 divide 52466020?
False
Is 23 a factor of 6700286?
False
Is 1178 a factor of 30172114?
True
Does 342 divide 626417383?
False
Does 3912 divide 758047800?
True
Is 16 a factor of 36462016?
True
Is 6649781 a multiple of 330?
False
Does 42 divide 47238198?
True
Is 331 a factor of 29663227?
True
Is 163 a factor of 3205558?
True
Is 116659525 a multiple of 40?
False
Does 11 divide 76147918?
True
Does 1885 divide 33664147?
False
Is 27 a factor of 511662413?
False
Is 170 a factor of 29252838?
False
Is 698906103 a multiple of 257?
True
Does 6 divide 1115848772?
False
Is 10 a factor of 150167240?
True
Does 2913 divide 690983991?
True
Is 96650190 a multiple of 126?
True
Is 133047044 a multiple of 2855?
False
Does 2454 divide 5368448928?
True
Does 150 divide 51340800?
True
Is 2142129107 a multiple of 59?
True
Is 92 a factor of 800907346?
False
Does 335 divide 498969100?
True
Is 389262000 a multiple of 418?
False
Does 28 divide 346772035?
False
Is 782740 a multiple of 14?
True
Is 65027088 a multiple of 11?
False
Does 6167 divide 304649396?
False
Is 15154242 a multiple of 101?
True
Is 9544359 a multiple of 8?
False
Is 11 a factor of 219585073?
False
Does 160 divide 28825291?
False
Does 32 divide 21762119?
False
Is 115 a factor of 59647165?
True
Is 550602332 a multiple of 149?
False
Is 112 a factor of 34632665?
False
Is 95956663 a multiple of 36?
False
Is 1060152666 a multiple of 335?
False
Does 51 divide 1908240870?
False
Is 283 a factor of 1384908375?
False
Is 64380232 a multiple of 1367?
True
Is 2058 a factor of 198753114?
False
Does 42 divide 599663778?
True
Is 3439 a factor of 422917903?
True
Is 118876471 a multiple of 7?
True
Does 205 divide 1584956475?
True
Is 14 a factor of 77218470?
True
Is 140599146 a multiple of 1294?
False
Is 242 a factor of 3570858104?
True
Is 144 a factor of 441222?
False
Is 70 a factor of 14805980?
True
Is 404286834 a multiple of 89?
False
Is 551931766 a multiple of 1257?
False
Is 889298595 a multiple of 5020?
False
Is 208490774 a multiple of 3671?
True
Is 61017006 a multiple of 831?
True
Is 8 a factor of 32110840?
True
Is 13354725 a multiple of 860?
False
Does 143 divide 201373029?
True
Is 2034176 a multiple of 128?
True
Is 2396054858 a multiple of 37?
False
Is 25 a factor of 324536225?
True
Is 1288 a factor of 171945382?
False
Is 757 a factor of 1021619191?
True
Is 18 a factor of 39725552?
False
Is 114 a factor of 85594962?
True
Is 6 a factor of 15952446?
True
Does 202 divide 677364004?
False
Is 20701590 a multiple of 828?
False
Is 8223520 a multiple of 515?
True
Is 24 a factor of 19664467?
False
Is 1001 a factor of 44923469?
False
Is 159 a factor of 3561229848?
True
Is 77 a factor of 22604274?
True
Is 8784455 a multiple of 23?
False
Is 33190236 a multiple of 9?
True
Does 282 divide 3141073074?
True
Is 6979 a factor of 70501858?
True
Does 252 divide 3972327744?
False
Is 331 a factor of 187746050?
False
Is 3453336533 a multiple of 379?
False
Does 1168 divide 2172480?
True
Is 22 a factor of 230571807?
False
Is 5306 a factor of 762355468?
True
Does 8 divide 59645200?
True
Is 109 a factor of 229545934?
True
Does 16 divide 2537941653?
False
Is 93922056 a multiple of 5?
False
Is 17 a factor of 328717814?
True
Does 525 divide 103547325?
True
Is 5 a factor of 2216694590?
True
Is 3858388710 a multiple of 165?
True
Does 305 divide 22612708?
False
Does 2163 divide 79348377?
False
Is 46 a factor of 25846434?
True
Is 22 a factor of 34326732?
True
Is 176 a factor of 24252976?
True
Is 31 a factor of 13880126?
True
Does 280 divide 18394296?
False
Is 83 a factor of 26325027?
True
Is 333 a factor of 60909267?
False
Is 55267476 a multiple of 121?
True
Does 6420 divide 1185369540?
True
Is 11 a factor of 28637620?
True
Does 478 divide 81073060?
False
Is 48 a factor of 30313219?
False
Is 1010 a factor of 496072788?
False
Is 112763897 a multiple of 2330?
False
Is 223465536 a multiple of 608?
True
Does 75 divide 23444500?
False
Is 798 a factor of 850040749?
False
Is 275 a factor of 309236684?
False
Is 707 a factor of 171854732?
True
Does 9505 divide 342484695?
False
Is 581483060 a multiple of 83?
True
Is 43 a factor of 47814280?
True
Does 7 divide 41643924?
True
Does 1855 divide 20166705?
False
Does 19 divide 3442882?
False
Does 47 divide 104454661?
False
Does 927 divide 9010440?
True
Does 491 divide 125404844?
False
Does 147 divide 6803615904?
False
Does 18 divide 174945?
False
Does 70 divide 2548033265?
False
Does 18 divide 485599518?
True
Is 10576160 a multiple of 560?
True
Does 2914 divide 1852563844?
True
Does 961 divide 55220276?
False
Is 78275840 a multiple of 64?
True
Is 18 a factor of 186571854?
True
Does 18 divide 511880247?
False
Is 142 a factor of 2892572?
False
Does 2502 divide 67421394?
True
Is 10 a factor of 193723990?
True
Is 25935591 a multiple of 913?
True
Does 180 divide 14826420?
True
Is 43 a factor of 89930076?
False
Is 3466419 even?
False
Is 40914901 a multiple of 4150?
False
Is 67467753 a multiple of 45?
False
Is 127 a factor of 349373952?
True
Does 5 divide 4024933?
False
Is 51 a factor of 11880073?
False
Is 169 a factor of 80165657?
True
Is 32 a factor of 317282880?
True
Does 8 divide 7800319?
False
Does 302 divide 15966592?
False
Is 540 a factor of 2106923?
False
Is 798603342 a multiple of 14?
False
Is 36724848 a multiple of 404?
False
Is 63626593 a multiple of 18?
False
Is 27925384 even?
True
Is 5 a factor of 2222829026?
False
Is 15 a factor of 33929580?
True
Is 517 a factor of 528197537?
False
Is 38 a factor of 1563125076?
False
Does 179 divide 58366216?
False
Does 854 divide 350710338?
False
Is 194722595 a multiple of 5508?
False
Does 13 divide 18805914?
False
Does 38 divide 289172913?
False
Is 205 a factor of 44038544?
False
Does 36 divide 4702222984?
False
Is 657 a factor of 6183406089?
True
Is 4418 a factor of 3050589238?
True
Does 1809 divide 23622327?
False
Is 4699483 a multiple of 10?
False
Is 823751 a multiple of 43?
True
Does 20 divide 102027162?
False
Is 1700454679 a multiple of 16?
False
Does 10 divide 14712130?
True
Is 211791204 a multiple of 6515?
False
Is 199 a factor of 4578575830?
False
Is 129599972 a multiple of 63?
False
Does 45 divide 256040595?
True
Does 14 divide 7044828?
True
Does 10 divide 1433173926?
False
Is 38 a factor of 239033718?
True
Is 6000 a factor of 207107907?
False
Is 12 a factor of 1551791179?
False
Is 4825290 a multiple of 30?
True
Is 35146050 a multiple of 10?
True
Is 15713192 a multiple of 17?
False
Does 173 divide 35169508?
False
Is 3827190890 a multiple of 5410?
True
Is 7912 a factor of 680859248?
True
Is 192050176 a multiple of 19?
True
Does 9564 d